 + 9. Let s(b) = 2*j(b) + 3*p(b). Let k be 16/4*5/(-4). What is s(k)?
-17
Let f(v) = 2*v - 115 - 141 - 4*v + 246. Let q(x) = x + 1. Let w(c) = -6*c**2 - 4*c - 5. Let r(n) = 4*q(n) + w(n). Let a be r(-1). Calculate f(a).
4
Let m = -24 - 193. Let h = -225 - m. Let l(t) be the third derivative of -t**6/120 - 7*t**5/60 + t**4/3 - t**3/3 - 2*t**2. What is l(h)?
-2
Let m(g) = -2 - 24*g**2 - 8 - 1 + 45*g - 2*g**3 + 3*g**3 - 1. Give m(22).
10
Let r(v) be the first derivative of 2*v**3 + 27*v + 2*v**2 + 44 + 1/12*v**4. Let p(u) be the first derivative of r(u). Calculate p(-12).
4
Let d(z) = -13*z - 5. Let n(h) = -2*h**2 - 50*h + 691. Let j be n(-35). Calculate d(j).
112
Suppose 0 = 2*x - 256*h + 251*h - 35, -x - 21 = 3*h. Let c(r) = -2*r**3 - r**2 - 4. Give c(x).
-4
Let c(u) = -8*u - 24. Suppose -1583 = 65*l - 1063. Calculate c(l).
40
Let i(h) = 2*h + 4. Let q(t) = -6*t**2 - 5 - t**2 + 6*t**2 + 0 + 7*t. Let z be q(5). Suppose -2*y + 19 = -5*u, u = 3*y + z - 1. What is i(y)?
-2
Suppose d + 2*d = 0. Let g be 83 + -29 - (3 - 1). Let o(q) = -5*q - 53*q**3 + g*q**3 + q**2 - 1 + 6*q. Calculate o(d).
-1
Let y(w) = -w**3 + 8*w**2 + 5*w + 5. Let x be 6923/805 + (-2)/(-10)*(-3)/1. What is y(x)?
45
Let r(l) = l + 2. Let z = 25 - -22. Suppose -z = -3*a - 68. Let j be r(a). Let o(p) = -p - 4. Give o(j).
1
Let a(s) = 0*s - 35 - s**3 + 114*s**2 - 235*s**2 + 11*s + 115*s**2. Give a(-8).
5
Let p(j) = 2*j. Let i(u) = -u + 1. Let v(f) = 4*i(f) + 3*p(f). Suppose 2*n - 496 = -a, -4*a - 5*n - 2010 = -8*a. Let m = a - 504. Give v(m).
-4
Let u(w) = w - 2. Suppose f - 4*f = 2*c - 12, f = 0. Let n(x) = -9*x - 8 + 13*x + 0*x. Let p(g) = c*n(g) - 22*u(g). Determine p(6).
8
Let x = -893 - -962. Suppose -x = 26*n - 17. Let k(y) = -y**3 - 2*y**2 + 2. Give k(n).
2
Let i(f) = -f - 2. Let g be i(-4). Let l(x) = -6*x**g + 2 + 48*x - 47*x - 2*x**2. Let u be (-3)/2*36/(-27). Give l(u).
-28
Let f be 8 + ((-2)/(-3) - 8/3). Let b(c) = f - 3 + c - 12 + 3*c**2 + 6. Give b(3).
27
Let o be (5 + -6)/((-1)/26*2). Let a(w) = w**2 - 4*w - 2. Let l(y) = y**2 + 5*y - 11. Let b(j) = 2*a(j) - l(j). Give b(o).
7
Let l(f) be the second derivative of -f**5/120 + 3*f**4/8 + f**3/3 + 14*f**2 + 3*f - 2. Let q(z) be the second derivative of l(z). Give q(5).
4
Let u(d) = -16*d**2 + 14*d + 1. Let m(z) = 189*z + 568. Let o be m(-3). What is u(o)?
-1
Let y(p) = -15*p - 17. Let h(b) = -13*b - 16. Let x(v) = 7*h(v) - 6*y(v). Determine x(19).
-29
Let v(h) = h**3 + h**2 + 1. Let d = 202 + -15. Let b = d + -187. Calculate v(b).
1
Let w(v) be the second derivative of 2/3*v**3 - 1/20*v**5 + v**2 + 78*v - 1/3*v**4 + 0. Determine w(-5).
7
Let s(f) = -41095*f**2 - 3 + f + 41102*f**2 + 5. Let o(m) = 10*m**2 + m + 2. Let c(x) = -2*o(x) + 3*s(x). What is c(-3)?
8
Let a = -4 - -3. Let f(x) = -x**3 - 1. Let t be f(a). Let m(j) be the second derivative of j**4/12 + j**3/6 + 4*j**2 - 3*j + 4813. Give m(t).
8
Suppose -b + 3 = 4*n + 23, 6*b - 25 = 5*n. Let i(m) = -4 + 6*m**2 - 14*m**2 + 8*m**2 + m**3 + m**2. Give i(b).
-4
Let f(w) = -2*w**2 - w. Suppose 8 = 3*t - 2*k, -6 = t - 4*k + 8. Let u = 120 + -115. Suppose -u*o + t = -11*o. Determine f(o).
-1
Let l(g) = -119*g**2 - 11*g + 2. Let x(f) = -262*f**2 - 23*f + 5. Let b(p) = 11*l(p) - 5*x(p). Suppose -5*z = -z - 20. Determine b(z).
-8
Suppose 5*h + 3*p - 423 = 0, 3*h - 257 + 7 = 2*p. Let u(t) = h*t - 85*t + 5 - 2. Determine u(-7).
10
Let l(g) = -4*g + 86. Suppose 0 = -5*s, -40 = -0*p - 2*p + s. Give l(p).
6
Suppose 3*k + 2*g - 45 = 0, -6*k + 2*g = -3*k - 33. Let j be 1 + (-1)/((-1)/3). Let n(q) = -j*q + k*q - 8*q - 5 + 17. Calculate n(-6).
6
Let i(f) be the first derivative of f**3/3 + 9*f**2/2 + 8*f - 1020. Determine i(-6).
-10
Suppose 4*n - 54 = 2*f - 12, 3*n = 3*f + 54. Let p(d) be the third derivative of -d**6/120 - 4*d**5/15 - 7*d**4/12 + 2*d**3 - 35*d**2 - 7*d. Give p(f).
-3
Suppose 0 = 5*r + 4*q + 62, 4*q - 23 - 41 = 4*r. Let x be (-10 - r)*2/4. Let v(s) = 3 + x + 1 - s**2 - 9*s. What is v(-9)?
6
Let n(g) = 4*g**2 + 7*g + 10. Let d(c) = -7*c**2 - 13*c - 20. Let o(m) = m**2 - 21*m + 3. Let f be o(21). Let w(j) = f*d(j) + 5*n(j). Give w(-7).
-31
Let y(w) = 72*w**2 - 2*w - 1. Let n be (34/136)/(-1*(-3)/(-12)). Calculate y(n).
73
Let w(a) = 0*a + 5460*a**2 + 5427*a**2 - 46 - 10888*a**2 + 4*a. What is w(6)?
-58
Suppose 3*o - 30 = -0*o. Suppose o*k - 6*k = -36. Let m(q) = -q**2 - 8*q - 6. What is m(k)?
-15
Let k(x) = -3*x**2 + 2*x - 18. Let n(z) = 3*z**2 - 3*z + 13. Let t(c) = 4*k(c) + 5*n(c). What is t(-1)?
3
Suppose 0 = -5*f + 4*o - 31 + 72, 3*f - o = 19. Let l(q) = -q + 3. Let p be l(-3). Let k(d) = 2*d + 8 - p*d - 1 + d. Calculate k(f).
-8
Let x(i) = -17*i + 88. Let d(r) = r**2 - 822*r - 7473. Let o be d(-9). Calculate x(o).
-14
Let d(b) = 107*b - 106. Let v be d(4). Let q = -324 + v. Let l(m) = -2*m**3 - 2*m**2 + 3*m + 2. Determine l(q).
4
Let g(r) = r + 2. Let k(i) = 3*i + 7. Suppose -4*z = -1 - 15. Suppose 2*q = -z + 2, -q = -w + 15. Let s(t) = w*g(t) - 4*k(t). Determine s(1).
2
Let u(v) be the first derivative of 13*v**2/2 - v + 1. Let n(r) = -1718*r + 5156. Let j be n(3). What is u(j)?
25
Let g(t) = t**3 - 6*t**2 + 7. Let r = 526 - 319. Let i = 213 - r. Calculate g(i).
7
Let z = 103693 + -103687. Let p(v) = -3 - 4*v**2 - 3*v + 11 - 7*v**2. Let n(w) = -5*w**2 - w + 4. Let b(r) = -9*n(r) + 4*p(r). Give b(z).
14
Let z be 45/6 - 1/2. Let r be 3/2*(-12)/(-9). Let d(s) = s**2 + 9*s + 2. Let u(v) = 3*v**2 + 19*v + 5. Let b(y) = r*u(y) - 5*d(y). Give b(z).
0
Let k = -31372 + 31376. Let m(o) = 21*o + 9. Calculate m(k).
93
Suppose -x - 4*x - o + 5 = 0, -20 = -5*x + 2*o. Let l be 3/(-6)*10*(1 - x). Let a(f) = 0*f + l - 2 - f - f. Determine a(4).
-5
Let n be (-18)/63 - 74/(-14). Let i(f) be the first derivative of -11*f + 1/2*f**2 - 16. Calculate i(n).
-6
Let j(f) = f**2 - 4*f - 5. Let r be j(4). Let o(q) be the first derivative of q**3/3 + 3*q**2/2 - 2*q - 1721. Calculate o(r).
8
Let a(t) = -t**2 - 8. Let b(i) = 0*i**3 - 10*i + i**3 - 12*i**2 - i + 19. Let u be b(13). Let g be (0/(-1))/((-9)/(u/10)). Give a(g).
-8
Let c(u) = 4*u + 28. Let s = -55 + 42. Give c(s).
-24
Let x(g) = -g**2 - 6*g - 8. Let d(m) = 22*m - 79. Let z be d(4). Suppose z*s + 198 - 153 = 0. Calculate x(s).
-3
Suppose 3*q - 35 = -5*s, -5*s + 0*q = -4*q. Suppose 2*z + 0*z = s. Let l(h) = 5*h**2 + 4*h**z + 10*h**2 - h + 7*h**2. Calculate l(-1).
27
Let l(w) = -w**2 - 2*w**3 + 13*w**3 - 6613467*w + 6613466*w. Give l(-1).
-11
Let c(i) = 6*i - 6. Suppose w = -4*q - 19, -4*w + 13*q - 16*q = 63. Determine c(w).
-96
Suppose 0 = -5*f + k + 150, 2*k + 0 = -5*f + 165. Let u(h) = 4*h**3 - 124*h**2 + 8. What is u(f)?
8
Let y(x) = -31*x**3 - 39*x**2 + 47. Let v(r) = -7*r**3 - 10*r**2 + 12. Let t(m) = -9*v(m) + 2*y(m). What is t(-12)?
-14
Suppose 155*o = 156*o + 7. Let m(w) = -2*w**3 - 15*w**2 + 2*w + 9. Give m(o).
-54
Let y(h) = h**2 - 8*h + 26. Let u(z) = z**3 + 39*z**2 - 165*z - 23. Let r be u(4). Determine y(r).
11
Suppose 3*r + o + 8 = -4*o, 4 = 5*r + 4*o. Let w(m) = 5 + r - m + 0. Let l(h) = 2*h**3 + 3*h**2 - 8*h - 6. Let y be l(2). Give w(y).
3
Let u(f) = 2*f**2 - 19*f - 31. Let d(a) = a**3 + 37*a**2 - 1062*a - 27. Let m be d(19). Calculate u(m).
2
Let a be (-10)/(-2) - 0 - ((-35 - -58) + -7). Let j(x) = -2*x + 58. Give j(a).
80
Let s = 6 + -30. Let c be (s/(-30))/(4/10). Let d(y) = -7*y + 2. Let l(u) = -13*u + 3. Let m(h) = 7*d(h) - 4*l(h). Give m(c).
8
Let l be (-11)/(-2)*(-8 - 208/(-22)). Let a(q) = -q**3 + 8*q**2 - 4*q + 17. Determine a(l).
-15
Let v be (-2)/((2/(-7))/(33/77)). Suppose 0 = -4*z - 0*z - m + 28, 0 = 2*z + 3*m - 4. Let h(u) = 2*u**2 + 5*u**2 - z*u**2. Calculate h(v).
-9
Let j(u) be the second derivative of -u**5/20 - 3*u**4/4 - 5*u**2/2 + 29*u. Let t(g) = 2 + 3 - 3 - 4*g + 1. Let h be t(3). Determine j(h).
-5
Let f(l) be the third derivative of l**5/60 - 611*l**2. Calculate f(0).
0
Let v(y) = 3*y + 16 + 24*y + 15*y - 34*y. Determine v(-8).
-48
Let l(g) = -2*g**3 - 5*g**2 + 6*g + 9. Let q be l(-3). Let f(m) = 3 - 2044*m**2 + q - 5*m + 2042*m**2. Suppose 0 = b + 4*b + 20. Calculate f(b).
-9
Let a(t) = 9*t + 108. Let p(u) = -7*u - 85. Let l(d) = -6*a(d) - 7*p(d). Calculate l(-17).
32
Let a(d) = 18*d**2 - 13*d. Let t be 13 + -3 - (-132)/96*-8. What is a(t)?
31
Let s(i) = 10*i + 21. Let k(f) = 11*f + 20. Le